ime?
True
Suppose 922*g + 110617 = 935*g. Is g composite?
True
Let u = 814697 - 217396. Is u a composite number?
False
Suppose 4*t + 4 - 16 = 0. Suppose -n - 5*c = -746, t*c = -4*n + c + 3020. Suppose 0 = -2*a - f + n, -4*a + 2*f = -3*a - 383. Is a a composite number?
False
Let r(o) = -1 - 9 + 49*o**3 + 4*o + 7 + 2*o**2 + 13. Is r(3) a composite number?
True
Let t(d) = 109*d + 345. Is t(8) composite?
False
Is (-10224432)/(-90) - (-3)/15 a prime number?
False
Let o(m) = 1911*m - 652. Is o(61) a prime number?
False
Let s be 65 - (-2 - 0 - (2 - 1)). Let a = 80 - s. Is (157 + 7)*141/a prime?
False
Let t(m) = -m**3 + 10*m**2 - 21*m + 12. Let j be t(16). Let a = j + 3643. Is a prime?
True
Let c = 1970 - 813. Let k = c + 60. Is k a prime number?
True
Let b(m) = 425*m**2 + 618*m + 7. Is b(-36) composite?
False
Suppose 2*z + 12*z = -30*z. Let v(n) = 7*n**2 + 13*n + 10. Let g be v(-8). Suppose z = -j + 2992 - g. Is j composite?
True
Let u(o) = 35*o - 60824. Let h(i) = -9*i + 15206. Let l(q) = 9*h(q) + 2*u(q). Let z be l(0). Suppose 0 = 5*c + 2161 - z. Is c prime?
True
Let c = -409034 + 729652. Is c a composite number?
True
Suppose 5*c = -20, 5*q + c + 25037 = 6*q. Suppose 6*r - q = 14093. Is r a composite number?
False
Let a(d) = 9653*d**2 - 36*d - 27. Let b(j) = -4826*j**2 + 19*j + 14. Let r(z) = 6*a(z) + 11*b(z). Is r(-1) a prime number?
True
Let j(g) = -5736*g - 6043. Is j(-26) prime?
True
Suppose -62545912 = -71*b - 29*b + 12*b. Is b a prime number?
False
Let y(i) = 56312*i + 1495. Is y(3) prime?
False
Let l be (329/21)/(1/(-3)). Let f = l + 42. Is -2 + (333 + 0 - (f - -5)) a composite number?
False
Suppose 10*d = -5*d - 720. Is 2122*8/d*-3 prime?
True
Let t be ((-2531)/3)/(-5 + (-538)/(-108)). Suppose t = 2*o + 4*p, 2*o - 5*p = 20778 + 24735. Is o a prime number?
True
Let s(y) = 177*y**2 + 135*y + 2843. Is s(-20) a composite number?
True
Suppose -35*p + 18*p + 30311 = 0. Suppose 2*v = 0, 1706 = 3*g + 3*v - p. Is g prime?
True
Let d(w) = 107*w + 36. Let h be d(7). Suppose -z = -6*z - 3*m + 3897, 2*m - h = -z. Let j = -76 + z. Is j a prime number?
True
Let r = -34 + 44. Let y be 8/r*5/2. Suppose -770 = -2*n + y*k, 2*k = -5*n + 2367 - 435. Is n a prime number?
False
Suppose -28*z - 64617 = -3207085. Is z a prime number?
False
Let w = -847 + 72. Let f = w + 2402. Let o = f + -918. Is o composite?
False
Let f = -1219534 + 1853273. Is f a prime number?
True
Suppose 5*l - 3*l + 14 = 4*v, v = l + 7. Let r(p) = -893*p + 134. Is r(l) a prime number?
False
Let a(v) = 94*v**2 + 13*v + 12. Let f be a(-14). Suppose -10*l + 17216 = -f. Is l a prime number?
True
Is (-54)/(-216)*(1*957722 - -2) prime?
True
Let j = 41815 + -22586. Suppose q - 1521 + j = 3*i, 2*i - 11808 = -2*q. Is i a prime number?
True
Suppose 124 + 19 = 13*z. Suppose 0 = z*c - 3*c - 41656. Is c a composite number?
True
Let y(u) = -133*u**3 - 15*u**2 + 34*u + 235. Is y(-12) composite?
True
Let r = 157748 + -92685. Is r a composite number?
False
Let a = -91 + -44. Is (-20588)/6*a/30 prime?
False
Suppose 36*v = 39*v + 21, -5*v = 5*d - 2917130. Is d a prime number?
False
Let c = 110 + -106. Suppose -140 = 4*f + a, c*f + 3*a = -15 - 117. Is (-33 - f)/((-2)/(-178)) prime?
False
Let q = 113487 - 24628. Is q composite?
True
Suppose -29163 = -5*d + u, -2*d + 7*u = 6*u - 11664. Is d a prime number?
False
Suppose -52*j = -57*j - 85. Let p(t) = -438*t - 205. Is p(j) composite?
True
Let q be ((-4803)/(-18) - 7)*6. Let w = q - 814. Is w a prime number?
False
Suppose 21*u = 19*u. Suppose 5*b - 73 - 12 = u. Suppose 0 = 13*k - b*k + 76. Is k a prime number?
True
Let x(b) = -7*b**3 - 173*b**2 - 35*b + 36. Is x(-25) prime?
True
Suppose 5*v - 2*g = v, g = 4*v. Suppose -4*h + 2*j + 4346 + 6730 = 0, v = 4*j + 16. Is h prime?
True
Let g = -69 + 54. Let h(f) = -258*f - 37. Is h(g) a prime number?
True
Suppose -195 = -5*s + 4*p, -4*s + 4*p = -3*s - 23. Suppose 50*y - 134967 = s*y. Is y a prime number?
False
Is 8/(-14) - (-30102285)/483 a composite number?
False
Let a = -6272 - -11074. Suppose -4796 = -2*z + m - 3*m, 0 = -2*z - 4*m + a. Is z composite?
True
Let g(o) = 58*o + 35. Let m = -18 + 55. Let w = -28 + m. Is g(w) prime?
True
Suppose 102*q + 63940 = 1453078. Is q a composite number?
False
Let j be (1 + 1450/3)*(-243)/(-81) - -6. Suppose 0 = 3*m + 5*l + 1825, -l - 585 = m - 4*l. Let v = m + j. Is v a composite number?
False
Let l = -401 - -408. Suppose z = l*z - 19434. Is z composite?
True
Suppose 2*m + 2*v = 1072, 5*m = 2*v - 0*v + 2652. Suppose -y - 2*w = 281, 4*y = y - 5*w - 840. Let h = m - y. Is h a prime number?
False
Let m(y) = 8*y**3 - 23*y**2 - 56*y + 210. Is m(29) a composite number?
True
Suppose 301*t - 799832 = -5*j + 302*t, -5*t = 5*j - 799850. Is j a composite number?
True
Let s(m) be the second derivative of m**5/20 - m**4/2 - 4*m**3/3 + 8*m**2 - 45*m. Is s(9) a prime number?
False
Suppose -f = -4*l - 78489, 0 = 6*f - 4*f - 5*l - 156954. Is f prime?
False
Let c = 1617 - -273. Suppose 2*h - 904 = c. Is h composite?
True
Suppose 16*i + 252266 = 20*i - 5*p, 0 = -4*p - 24. Is i a prime number?
True
Let d(c) = -66*c**2 + 196*c - 316. Let j(p) = 16*p**2 - 49*p + 79. Let b(g) = 2*d(g) + 9*j(g). Is b(32) a prime number?
True
Let o = -181357 - -268170. Is o composite?
False
Let h(o) = -166*o - 1. Let s be h(2). Let q = 3004 - s. Is q a prime number?
False
Suppose -5*m + 10 = -30. Let r be 68/m + 12/(-8). Is 998/(-4 - (-30)/r) composite?
True
Is 27/126*7*(-2983670)/(-15) a prime number?
False
Suppose 0 = o - 9*h - 100327, 0 = 31*o - 27*o + 5*h - 401554. Is o composite?
True
Let y(i) = -i**3 + 83*i**2 + 154*i - 251. Is y(74) composite?
True
Suppose 0 = 3*d - 8*d + 30. Suppose 0 = 15*a + 1366 - 20176. Suppose 0*h = d*h - a. Is h a composite number?
True
Suppose g + 3*g = -2*b + 8, -2*g - 2*b = -6. Let a(t) = -109*t**3 - g + 2*t**2 + 155*t**3 + t**2. Is a(2) a composite number?
False
Let d = 185339 + 29664. Is d a prime number?
False
Suppose 0 = 204*o - 199*o - 51007 - 36588. Is o a prime number?
True
Let n be (-1)/6 - (-189579)/234. Let g = -49 + -444. Let x = g + n. Is x a prime number?
True
Suppose -208196 + 19116 = -5*x + 5*a, 5*x = 2*a + 189077. Suppose -26*h + 11*h + x = 0. Is h a prime number?
True
Let h be ((-24)/(-12))/(2/(-6) + 1). Suppose -j = 5*i - 47455, -6*i + 2*i - h*j = -37964. Is i prime?
True
Let w = 941097 + -614803. Is w a composite number?
True
Suppose -4*s + 18*m = 17*m - 340607, 5*s - m = 425758. Is s a prime number?
False
Let m(p) = 27*p**2 + 199*p + 3. Let a(l) = -3*l**3 - 98*l**2 + 34*l + 47. Let y be a(-33). Is m(y) a composite number?
False
Suppose -3*g + 473925 = -2*r, -247*r = -3*g - 252*r + 473988. Is g a composite number?
True
Is 5238864/21 - ((-103)/(-7) + -14) prime?
False
Suppose -2*y + 98529 = -4*l - 40379, 4*y + 104192 = -3*l. Is (l/(-18) - 7) + (-4)/(-6) composite?
True
Let f = 36746 + 137951. Is f prime?
False
Let d = 6045 + 115184. Is d composite?
False
Let l = -19 - -5. Is l + 10 - (1 - 1578/3) a prime number?
True
Let x(h) = 3*h**3 + 32*h**2 + 76*h - 161. Is x(40) composite?
True
Let v(m) = -5*m + 15. Let r(o) = -26*o + 76. Let d(f) = -2*r(f) + 11*v(f). Let y be d(0). Is 806/3*(39/2)/y composite?
True
Let t(x) = -11*x - 72. Let v be t(-9). Suppose v*a + 3333 = 249546. Is a prime?
False
Let w(v) = -98400*v**3 - 8*v**2 - 12*v - 3. Is w(-1) prime?
False
Let m(z) = 32*z**2 + 23*z - 16. Is m(11) a prime number?
False
Let t be ((-7)/(-21))/((-2)/(-270)). Let o = -23 + t. Is (-33)/o + 46/4 a composite number?
True
Let a(f) = 19*f**2 - 5. Let r(m) = m**2 - 1. Suppose 5*z = -3*s + 4 + 41, z + 4 = 2*s. Let j(d) = z*r(d) + a(d). Is j(-4) a composite number?
False
Let t be (6/4 + -2)*0. Suppose t = -4*l - 4*w - 4, 4*l - 20 = -5*w + 9*w. Suppose -4*q + v + 1943 = 0, -l*q + 7*q - 2419 = -2*v. Is q prime?
False
Suppose 7*m - 6*m = 4*m. Let i(r) = 2*r + 6. Let o be i(m). Suppose -8*g = -o*g - 1018. Is g a composite number?
False
Suppose -12*y + 1855732 = 11*y. Suppose -25005 = 13*k - y. Is k a composite number?
False
Suppose -173*f = -180*f - 35. Is 1228 + (4 - 1) + f composite?
True
Let x be 20/10 + -1 + 39. Let w = x + -30. Let y(j) = 13*j**2 - 3*j + 15. Is y(w) composite?
True
Let v be (-7396)/(-22) - (-6)/(-33). Let d = 41 + v. Is d composite?
True
Suppose 8*f - 5*f - 846 = 0. Let